{"id":6,"date":"2015-09-01T14:05:11","date_gmt":"2015-09-01T14:05:11","guid":{"rendered":"http:\/\/ordem.com.tr\/?page_id=6"},"modified":"2024-01-04T12:06:26","modified_gmt":"2024-01-04T12:06:26","slug":"hakkimizda","status":"publish","type":"page","link":"https:\/\/ordem.com.tr\/index.php\/hakkimizda\/","title":{"rendered":"HAKKIMIZDA"},"content":{"rendered":"<p><img decoding=\"async\" class=\"alignnone size-full wp-image-74\" src=\"http:\/\/ordem.com.tr\/wp-content\/uploads\/2015\/09\/company-profile-top-banner-V2.png\" alt=\"company-profile-top-banner-V2\" width=\"100%\" height=\"auto\" srcset=\"https:\/\/ordem.com.tr\/wp-content\/uploads\/2015\/09\/company-profile-top-banner-V2.png 959w, https:\/\/ordem.com.tr\/wp-content\/uploads\/2015\/09\/company-profile-top-banner-V2-300x98.png 300w\" sizes=\"(max-width: 959px) 100vw, 959px\" \/><\/p>\n<p><strong>\u015e\u0130RKET PROF\u0130L\u0130<\/strong><\/p>\n<p>ORDEM YAPI 1997 y\u0131l\u0131nda in\u015faat sekt\u00f6r\u00fcne kat\u0131lm\u0131\u015ft\u0131r. 27 y\u0131ld\u0131r aktif olarak hizmet vermektedir.<\/p>\n<p>Firmam\u0131z ge\u00e7mi\u015ften gelen birikimini, g\u00fcncel ve teknolojik geli\u015fmelerle harmanlay\u0131p her biri kendi dal\u0131nda uzmanla\u015fm\u0131\u015f, geli\u015fmeleri yak\u0131ndan takip eden teknik kadrosu ile i\u015flevsel, sa\u011flam ve estetik mek\u00e2nlar \u00fcretmeyi hedef edinmi\u015ftir. \u00dcst yap\u0131 da ba\u015far\u0131l\u0131 projeleri hayata ge\u00e7iren ORDEM YAPI \u00fcretti\u011fi hizmetin kalitesini bu hedeften almaktad\u0131r. Yapm\u0131\u015f oldu\u011fu t\u00fcm i\u015flerde aranan marka olmay\u0131 bug\u00fcne kadar ba\u015far\u0131yla devam ettirmektedir.<\/p>\n<p>Ge\u00e7en zaman boyunca edinilen tecr\u00fcbe, bizlere gelecek g\u00fcnler i\u00e7in umut vermekte ve ORDEM YAPI \u2019dan beklenen performans\u0131 en \u00fcst d\u00fczey ve kalitede yerine getirece\u011fini i\u015faret etmektedir.<\/p>\n","protected":false},"excerpt":{"rendered":"<p>\u015e\u0130RKET PROF\u0130L\u0130 ORDEM YAPI 1997 y\u0131l\u0131nda in\u015faat sekt\u00f6r\u00fcne kat\u0131lm\u0131\u015ft\u0131r. 27 y\u0131ld\u0131r aktif olarak hizmet vermektedir. Firmam\u0131z ge\u00e7mi\u015ften gelen birikimini, g\u00fcncel ve teknolojik geli\u015fmelerle harmanlay\u0131p her biri kendi dal\u0131nda uzmanla\u015fm\u0131\u015f, geli\u015fmeleri yak\u0131ndan takip eden teknik kadrosu ile i\u015flevsel, sa\u011flam ve estetik mek\u00e2nlar \u00fcretmeyi hedef edinmi\u015ftir. \u00dcst yap\u0131 da ba\u015far\u0131l\u0131 projeleri hayata ge\u00e7iren ORDEM YAPI \u00fcretti\u011fi hizmetin [&hellip;]<\/p>\n","protected":false},"author":1,"featured_media":0,"parent":0,"menu_order":0,"comment_status":"closed","ping_status":"closed","template":"","meta":{"footnotes":""},"_links":{"self":[{"href":"https:\/\/ordem.com.tr\/index.php\/wp-json\/wp\/v2\/pages\/6"}],"collection":[{"href":"https:\/\/ordem.com.tr\/index.php\/wp-json\/wp\/v2\/pages"}],"about":[{"href":"https:\/\/ordem.com.tr\/index.php\/wp-json\/wp\/v2\/types\/page"}],"author":[{"embeddable":true,"href":"https:\/\/ordem.com.tr\/index.php\/wp-json\/wp\/v2\/users\/1"}],"replies":[{"embeddable":true,"href":"https:\/\/ordem.com.tr\/index.php\/wp-json\/wp\/v2\/comments?post=6"}],"version-history":[{"count":1,"href":"https:\/\/ordem.com.tr\/index.php\/wp-json\/wp\/v2\/pages\/6\/revisions"}],"predecessor-version":[{"id":881,"href":"https:\/\/ordem.com.tr\/index.php\/wp-json\/wp\/v2\/pages\/6\/revisions\/881"}],"wp:attachment":[{"href":"https:\/\/ordem.com.tr\/index.php\/wp-json\/wp\/v2\/media?parent=6"}],"curies":[{"name":"wp","href":"https:\/\/api.w.org\/{rel}","templated":true}]}}